{"id":5732,"date":"2025-10-15T01:56:51","date_gmt":"2025-10-14T23:56:51","guid":{"rendered":"https:\/\/oxiplant.com\/new2\/?page_id=5732"},"modified":"2026-02-25T12:17:25","modified_gmt":"2026-02-25T11:17:25","slug":"corte-chapa","status":"publish","type":"page","link":"https:\/\/oxiplant.com\/new2\/corte-chapa\/","title":{"rendered":"Corte chapa"},"content":{"rendered":"<div class=\"wpb-content-wrapper\"><p>[vc_section][vc_row content_placement=\u00bbmiddle\u00bb css=\u00bb.vc_custom_1765486870981{margin-bottom: 0px !important;}\u00bb][vc_column width=\u00bb1\/2&#8243;][vc_column_text]Nuestras 4 m\u00e1quinas de corte por l\u00e1ser no solo cortan <strong>longitudes de hasta 16 metros y espesores de hasta 25 mm<\/strong>, sino que tambi\u00e9n realizan el biselado directamente en la m\u00e1quina, asegurando una precisi\u00f3n \u00f3ptima.<\/p>\n<p>El <strong>corte por plasma de alta definici\u00f3n<\/strong> ofrece biselados precisos en <strong>espesores de hasta 60 mm.<\/strong><\/p>\n<p>Las 4 m\u00e1quinas de <strong>oxicorte<\/strong>, con <strong>12 sopletes<\/strong>, permiten cortar hasta 4 chapas a la vez, optimizando la producci\u00f3n en <strong>espesores de hasta 300 mm<\/strong>.<\/p>\n<p>Adem\u00e1s, contamos con <strong>m\u00e1s de 10 equipos de corte<\/strong> entre las tres tecnolog\u00edas, lo que nos proporciona una gran capacidad productiva y versatilidad para atender proyectos de distinto tama\u00f1o y complejidad. Varias de estas m\u00e1quinas han sido <strong>desarrolladas espec\u00edficamente para Oxiplant<\/strong>, incorporando soluciones t\u00e9cnicas a medida que mejoran el rendimiento, aumentan la eficiencia del proceso y permiten abordar trabajos que requieren configuraciones especiales o fuera de los est\u00e1ndares habituales.[\/vc_column_text][\/vc_column][vc_column width=\u00bb1\/2&#8243;]<div  class=\"wpb_content_element   clearfix\"><style type=\"text\/css\">#ut_am_69f20a90104d9 { opacity: 1; }#ut_am_wrap_69f20a90104db img,#ut_am_wrap_69f20a90104db .ut-image-gallery-image-caption,#ut_am_wrap_69f20a90104db .ut-box-shadow-container,#ut_am_wrap_69f20a90104db .ut-box-shadow-container-inner,#ut_am_wrap_69f20a90104db .ut-block-revealer-element-container,#ut_am_wrap_69f20a90104db .ut-animated-image-zoom { -webkit-border-radius: 9px; -moz-border-radius: 9px; border-radius: 9px; }#ut_am_wrap_69f20a90104db .ut-image-gallery-item-caption-title h3 { letter-spacing: 0em; }#ut_am_wrap_69f20a90104db .ut-gallery-slider-caption { color: #999999; }#ut_am_wrap_69f20a90104db .ut-gallery-slider-caption { font-weight: normal; }#ut_am_wrap_69f20a90104db { text-align: right; }@media (min-width: 768px) and (max-width: 1024px) { #ut_am_wrap_69f20a90104db { text-align: right !important; } }@media (max-width: 767px) { #ut_am_wrap_69f20a90104db { text-align: center !important; } }<\/style><div id=\"ut_am_wrap_69f20a90104db\" class=\"ut-image-gallery-image \"><div id=\"ut_reveal_69f20a90104dd\"  data-appear-top-offset=\"auto\" class=\"ut-animated-image-item ut-image-gallery-item ut-animation-done \"><a class=\"ut-deactivated-link\" href=\"#\"><div class=\"ut-animated-image-zoom\"><img decoding=\"async\" class=\"ut-lazy skip-lazy ut-animated-image \"  id=\"ut_am_69f20a90104d9\" src=\"data:image\/svg+xml;charset=utf-8,%3Csvg xmlns%3D'http%3A%2F%2Fwww.w3.org%2F2000%2Fsvg' viewBox%3D'0 0 800 90%'%2F%3E\" data-src=\"https:\/\/oxiplant.com\/new2\/wp-content\/uploads\/2025\/11\/corte-chapa-5-1.jpg\" width=\"\" height=\"90%\" alt=\"\"\/><\/div><\/a><\/div><\/div><\/div>[\/vc_column][\/vc_row][\/vc_section][vc_section css=\u00bb.vc_custom_1765486940785{background-color: #eeeeee !important;}\u00bb][vc_row full_width=\u00bbstretch_row_content\u00bb css=\u00bb.vc_custom_1764279994030{margin-bottom: 80px !important;}\u00bb][vc_column width=\u00bb1\/2&#8243;]<div  class=\"wpb_content_element   clearfix\"><style type=\"text\/css\">#ut_am_69f20a9010d32 { opacity: 1; }#ut_am_wrap_69f20a9010d34 .ut-image-gallery-item-caption-title h3 { letter-spacing: 0em; }#ut_am_wrap_69f20a9010d34 .ut-gallery-slider-caption { font-weight: bold; }#ut_am_wrap_69f20a9010d34 { text-align: left; }@media (min-width: 768px) and (max-width: 1024px) { #ut_am_wrap_69f20a9010d34 { text-align: left !important; } }@media (max-width: 767px) { #ut_am_wrap_69f20a9010d34 { text-align: center !important; } }<\/style><div id=\"ut_am_wrap_69f20a9010d34\" class=\"ut-image-gallery-image ani_zoom\"><div id=\"ut_reveal_69f20a9010d35\"  data-appear-top-offset=\"auto\" class=\"ut-animated-image-item ut-image-gallery-item ut-animation-done \"><a class=\"ut-deactivated-link\" href=\"#\"><div class=\"ut-animated-image-zoom\"><img loading=\"lazy\" decoding=\"async\" class=\"ut-lazy skip-lazy ut-animated-image \"  id=\"ut_am_69f20a9010d32\" src=\"data:image\/svg+xml;charset=utf-8,%3Csvg xmlns%3D'http%3A%2F%2Fwww.w3.org%2F2000%2Fsvg' viewBox%3D'0 0 1367 564'%2F%3E\" data-src=\"https:\/\/oxiplant.com\/new2\/wp-content\/uploads\/2025\/12\/servi-corte-laser-1.jpg\" width=\"1367\" height=\"564\" alt=\"\"\/><\/div><\/a><\/div><\/div><\/div>[\/vc_column][vc_column width=\u00bb1\/2&#8243;]<div  class=\"wpb_content_element   clearfix\"><style type=\"text\/css\">#ut_am_69f20a9011369 { opacity: 1; }#ut_am_wrap_69f20a901136b .ut-image-gallery-item-caption-title h3 { letter-spacing: 0em; }#ut_am_wrap_69f20a901136b .ut-gallery-slider-caption { font-weight: bold; }#ut_am_wrap_69f20a901136b { text-align: left; }@media (min-width: 768px) and (max-width: 1024px) { #ut_am_wrap_69f20a901136b { text-align: left !important; } }@media (max-width: 767px) { #ut_am_wrap_69f20a901136b { text-align: center !important; } }<\/style><div id=\"ut_am_wrap_69f20a901136b\" class=\"ut-image-gallery-image ani_zoom\"><div id=\"ut_reveal_69f20a901136c\"  data-appear-top-offset=\"auto\" class=\"ut-animated-image-item ut-image-gallery-item ut-animation-done \"><a class=\"ut-deactivated-link\" href=\"#\"><div class=\"ut-animated-image-zoom\"><img loading=\"lazy\" decoding=\"async\" class=\"ut-lazy skip-lazy ut-animated-image \"  id=\"ut_am_69f20a9011369\" src=\"data:image\/svg+xml;charset=utf-8,%3Csvg xmlns%3D'http%3A%2F%2Fwww.w3.org%2F2000%2Fsvg' viewBox%3D'0 0 1367 564'%2F%3E\" data-src=\"https:\/\/oxiplant.com\/new2\/wp-content\/uploads\/2025\/12\/servi-oxicorte.jpg\" width=\"1367\" height=\"564\" alt=\"\"\/><\/div><\/a><\/div><\/div><\/div>[\/vc_column][\/vc_row][vc_row full_width=\u00bbstretch_row_content\u00bb css=\u00bb.vc_custom_1764279253684{margin-top: 0px !important;}\u00bb][vc_column css=\u00bb.vc_custom_1762274329956{padding-top: 0px !important;}\u00bb][vc_row_inner][vc_column_inner width=\u00bb1\/2&#8243; css=\u00bb.vc_custom_1764280064229{margin-right: 40% !important;margin-left: 50% !important;padding-top: 10px !important;padding-right: 10px !important;padding-bottom: 10px !important;padding-left: 10px !important;}\u00bb]<div  class=\"wpb_content_element   clearfix\"><style type=\"text\/css\">#ut_am_69f20a90120ac { opacity: 1; }#ut_am_wrap_69f20a90120ae img,#ut_am_wrap_69f20a90120ae .ut-image-gallery-image-caption,#ut_am_wrap_69f20a90120ae .ut-box-shadow-container,#ut_am_wrap_69f20a90120ae .ut-box-shadow-container-inner,#ut_am_wrap_69f20a90120ae .ut-block-revealer-element-container,#ut_am_wrap_69f20a90120ae .ut-animated-image-zoom { -webkit-border-radius: 9px; -moz-border-radius: 9px; border-radius: 9px; }#ut_am_wrap_69f20a90120ae .ut-image-gallery-item-caption-title h3 { letter-spacing: 0em; }#ut_am_wrap_69f20a90120ae .ut-gallery-slider-caption { font-weight: bold; }#ut_am_wrap_69f20a90120ae { text-align: left; }@media (min-width: 768px) and (max-width: 1024px) { #ut_am_wrap_69f20a90120ae { text-align: left !important; } }@media (max-width: 767px) { #ut_am_wrap_69f20a90120ae { text-align: center !important; } }<\/style><div id=\"ut_am_wrap_69f20a90120ae\" class=\"ut-image-gallery-image ani_zoom\"><div id=\"ut_reveal_69f20a90120af\"  data-appear-top-offset=\"auto\" class=\"ut-animated-image-item ut-image-gallery-item ut-animation-done \"><a class=\"ut-deactivated-link\" href=\"#\"><div class=\"ut-animated-image-zoom\"><img decoding=\"async\" class=\"ut-lazy skip-lazy ut-animated-image \"  id=\"ut_am_69f20a90120ac\" src=\"data:image\/svg+xml;charset=utf-8,%3Csvg xmlns%3D'http%3A%2F%2Fwww.w3.org%2F2000%2Fsvg' viewBox%3D'0 0 92% 600'%2F%3E\" data-src=\"https:\/\/oxiplant.com\/new2\/wp-content\/uploads\/2025\/11\/servi-plasmaalta.jpg\" width=\"92%\" height=\"\" alt=\"\"\/><\/div><\/a><\/div><\/div><\/div>[\/vc_column_inner][\/vc_row_inner][\/vc_column][\/vc_row][\/vc_section][vc_section][vc_row][vc_column width=\u00bb1\/6&#8243; css=\u00bb.vc_custom_1764283621195{margin-top: 15px !important;}\u00bb]<div  class=\"wpb_content_element   clearfix\"><style type=\"text\/css\">#ut_am_69f20a90126e5 { opacity: 1; }#ut_am_wrap_69f20a90126e7 .ut-image-gallery-item-caption-title h3 { color: #ffffff; }#ut_am_wrap_69f20a90126e7 .ut-image-gallery-item-caption-title-style-2 h3 { color: #ffffff; }#ut_am_wrap_69f20a90126e7 .ut-image-gallery-item-caption-title h3 { letter-spacing: 0em; }#ut_am_wrap_69f20a90126e7 .ut-gallery-slider-caption { font-weight: bold; }#ut_am_wrap_69f20a90126e7 { text-align: center; }@media (min-width: 768px) and (max-width: 1024px) { #ut_am_wrap_69f20a90126e7 { text-align: center !important; } }@media (max-width: 767px) { #ut_am_wrap_69f20a90126e7 { text-align: center !important; } }<\/style><div id=\"ut_am_wrap_69f20a90126e7\" class=\"ut-image-gallery-image ani_zoom\"><div id=\"ut_reveal_69f20a90126e8\"  data-appear-top-offset=\"auto\" class=\"ut-animated-image-item ut-image-gallery-item ut-animation-done \"><a target=\"_blank\" href=\"https:\/\/oxiplant.com\/new2\/wp-content\/uploads\/2025\/11\/OXIP_0094-CPR-MAD-20160126-SPA_Iss04-9Jun25-FPC-cer-EN1090.pdf\" rel=\"nofollow\"><div class=\"ut-animated-image-zoom\"><img loading=\"lazy\" decoding=\"async\" class=\"ut-lazy skip-lazy ut-animated-image \"  id=\"ut_am_69f20a90126e5\" src=\"data:image\/svg+xml;charset=utf-8,%3Csvg xmlns%3D'http%3A%2F%2Fwww.w3.org%2F2000%2Fsvg' viewBox%3D'0 0 300 190'%2F%3E\" data-src=\"https:\/\/oxiplant.com\/new2\/wp-content\/uploads\/2025\/11\/iso-1090-2.jpg\" width=\"300\" height=\"190\" alt=\"\"\/><\/div><\/a><\/div><\/div><\/div>[\/vc_column][vc_column width=\u00bb1\/6&#8243; css=\u00bb.vc_custom_1764283634822{margin-top: 15px !important;}\u00bb]<div  class=\"wpb_content_element   clearfix\"><style type=\"text\/css\">#ut_am_69f20a9012cbc { opacity: 1; }#ut_am_wrap_69f20a9012cbe .ut-image-gallery-item-caption-title h3 { color: #ffffff; }#ut_am_wrap_69f20a9012cbe .ut-image-gallery-item-caption-title-style-2 h3 { color: #ffffff; }#ut_am_wrap_69f20a9012cbe .ut-image-gallery-item-caption-title h3 { letter-spacing: 0em; }#ut_am_wrap_69f20a9012cbe .ut-gallery-slider-caption { font-weight: bold; }#ut_am_wrap_69f20a9012cbe { text-align: center; }@media (min-width: 768px) and (max-width: 1024px) { #ut_am_wrap_69f20a9012cbe { text-align: center !important; } }@media (max-width: 767px) { #ut_am_wrap_69f20a9012cbe { text-align: center !important; } }<\/style><div id=\"ut_am_wrap_69f20a9012cbe\" class=\"ut-image-gallery-image ani_zoom\"><div id=\"ut_reveal_69f20a9012cbf\"  data-appear-top-offset=\"auto\" class=\"ut-animated-image-item ut-image-gallery-item ut-animation-done \"><a target=\"_blank\" href=\"https:\/\/oxiplant.com\/new2\/wp-content\/uploads\/2025\/11\/0038343-QMS-SPAES-UKAS.pdf\" rel=\"nofollow\"><div class=\"ut-animated-image-zoom\"><img loading=\"lazy\" decoding=\"async\" class=\"ut-lazy skip-lazy ut-animated-image \"  id=\"ut_am_69f20a9012cbc\" src=\"data:image\/svg+xml;charset=utf-8,%3Csvg xmlns%3D'http%3A%2F%2Fwww.w3.org%2F2000%2Fsvg' viewBox%3D'0 0 300 190'%2F%3E\" data-src=\"https:\/\/oxiplant.com\/new2\/wp-content\/uploads\/2025\/10\/calidad-2.webp\" width=\"300\" height=\"190\" alt=\"\"\/><\/div><\/a><\/div><\/div><\/div>[\/vc_column][vc_column width=\u00bb1\/6&#8243; css=\u00bb.vc_custom_1764283649688{margin-top: 15px !important;}\u00bb]<div  class=\"wpb_content_element   clearfix\"><style type=\"text\/css\">#ut_am_69f20a9013281 { opacity: 1; }#ut_am_wrap_69f20a9013282 .ut-image-gallery-item-caption-title h3 { color: #ffffff; }#ut_am_wrap_69f20a9013282 .ut-image-gallery-item-caption-title-style-2 h3 { color: #ffffff; }#ut_am_wrap_69f20a9013282 .ut-image-gallery-item-caption-title h3 { letter-spacing: 0em; }#ut_am_wrap_69f20a9013282 .ut-gallery-slider-caption { font-weight: bold; }#ut_am_wrap_69f20a9013282 { text-align: center; }@media (min-width: 768px) and (max-width: 1024px) { #ut_am_wrap_69f20a9013282 { text-align: center !important; } }@media (max-width: 767px) { #ut_am_wrap_69f20a9013282 { text-align: center !important; } }<\/style><div id=\"ut_am_wrap_69f20a9013282\" class=\"ut-image-gallery-image ani_zoom\"><div id=\"ut_reveal_69f20a9013283\"  data-appear-top-offset=\"auto\" class=\"ut-animated-image-item ut-image-gallery-item ut-animation-done \"><a target=\"_blank\" href=\"https:\/\/oxiplant.com\/new2\/wp-content\/uploads\/2025\/11\/00016995-EMS-SPAES-UKAS.pdf\" rel=\"nofollow\"><div class=\"ut-animated-image-zoom\"><img loading=\"lazy\" decoding=\"async\" class=\"ut-lazy skip-lazy ut-animated-image \"  id=\"ut_am_69f20a9013281\" src=\"data:image\/svg+xml;charset=utf-8,%3Csvg xmlns%3D'http%3A%2F%2Fwww.w3.org%2F2000%2Fsvg' viewBox%3D'0 0 300 193'%2F%3E\" data-src=\"https:\/\/oxiplant.com\/new2\/wp-content\/uploads\/2025\/10\/medioambiente.webp\" width=\"300\" height=\"193\" alt=\"\"\/><\/div><\/a><\/div><\/div><\/div>[\/vc_column][vc_column width=\u00bb1\/6&#8243; css=\u00bb.vc_custom_1764283665569{margin-top: 15px !important;}\u00bb]<div  class=\"wpb_content_element   clearfix\"><style type=\"text\/css\">#ut_am_69f20a9013998 { opacity: 1; }#ut_am_wrap_69f20a901399a .ut-image-gallery-item-caption-title h3 { color: #ffffff; }#ut_am_wrap_69f20a901399a .ut-image-gallery-item-caption-title-style-2 h3 { color: #ffffff; }#ut_am_wrap_69f20a901399a .ut-image-gallery-item-caption-title h3 { letter-spacing: 0em; }#ut_am_wrap_69f20a901399a .ut-gallery-slider-caption { font-weight: bold; }#ut_am_wrap_69f20a901399a { text-align: center; }@media (min-width: 768px) and (max-width: 1024px) { #ut_am_wrap_69f20a901399a { text-align: center !important; } }@media (max-width: 767px) { #ut_am_wrap_69f20a901399a { text-align: center !important; } }<\/style><div id=\"ut_am_wrap_69f20a901399a\" class=\"ut-image-gallery-image ani_zoom\"><div id=\"ut_reveal_69f20a901399b\"  data-appear-top-offset=\"auto\" class=\"ut-animated-image-item ut-image-gallery-item ut-animation-done \"><a target=\"_blank\" href=\"https:\/\/oxiplant.com\/new2\/wp-content\/uploads\/2025\/11\/OXIP_Cert-3834-R2-1Sep25-SPA.pdf\" rel=\"nofollow\"><div class=\"ut-animated-image-zoom\"><img loading=\"lazy\" decoding=\"async\" class=\"ut-lazy skip-lazy ut-animated-image \"  id=\"ut_am_69f20a9013998\" src=\"data:image\/svg+xml;charset=utf-8,%3Csvg xmlns%3D'http%3A%2F%2Fwww.w3.org%2F2000%2Fsvg' viewBox%3D'0 0 300 190'%2F%3E\" data-src=\"https:\/\/oxiplant.com\/new2\/wp-content\/uploads\/2025\/11\/iso-3834.jpg\" width=\"300\" height=\"190\" alt=\"\"\/><\/div><\/a><\/div><\/div><\/div>[\/vc_column][vc_column width=\u00bb1\/6&#8243; css=\u00bb.vc_custom_1764283681323{margin-top: 15px !important;}\u00bb]<div  class=\"wpb_content_element   clearfix\"><style type=\"text\/css\">#ut_am_69f20a9014318 { opacity: 1; }#ut_am_wrap_69f20a901431b .ut-image-gallery-item-caption-title h3 { color: #ffffff; }#ut_am_wrap_69f20a901431b .ut-image-gallery-item-caption-title-style-2 h3 { color: #ffffff; }#ut_am_wrap_69f20a901431b .ut-image-gallery-item-caption-title h3 { letter-spacing: 0em; }#ut_am_wrap_69f20a901431b .ut-gallery-slider-caption { font-weight: bold; }#ut_am_wrap_69f20a901431b { text-align: center; }@media (min-width: 768px) and (max-width: 1024px) { #ut_am_wrap_69f20a901431b { text-align: center !important; } }@media (max-width: 767px) { #ut_am_wrap_69f20a901431b { text-align: center !important; } }<\/style><div id=\"ut_am_wrap_69f20a901431b\" class=\"ut-image-gallery-image ani_zoom\"><div id=\"ut_reveal_69f20a901431c\"  data-appear-top-offset=\"auto\" class=\"ut-animated-image-item ut-image-gallery-item ut-animation-done \"><a target=\"_blank\" href=\"https:\/\/www.bureauveritas.dk\/en\/our-market\/apqp4wind?utm_source=google&#038;utm_medium=cpc&#038;gad_source=1&#038;gad_campaignid=1676330063&#038;gbraid=0AAAAAD28T32t2hKEXcw7JcM30Vaxr40iY&#038;gclid=CjwKCAiA55rJBhByEiwAFkY1QG0iBDQRekciHH0dIgsblVqHdnIgnglPMpL_zGsBaOnpgxHvH1W7aBoCFQQQAvD_BwE\" rel=\"nofollow\"><div class=\"ut-animated-image-zoom\"><img loading=\"lazy\" decoding=\"async\" class=\"ut-lazy skip-lazy ut-animated-image \"  id=\"ut_am_69f20a9014318\" src=\"data:image\/svg+xml;charset=utf-8,%3Csvg xmlns%3D'http%3A%2F%2Fwww.w3.org%2F2000%2Fsvg' viewBox%3D'0 0 300 190'%2F%3E\" data-src=\"https:\/\/oxiplant.com\/new2\/wp-content\/uploads\/2025\/10\/apqp.jpg\" width=\"300\" height=\"190\" alt=\"\"\/><\/div><\/a><\/div><\/div><\/div>[\/vc_column][vc_column width=\u00bb1\/6&#8243; css=\u00bb.vc_custom_1764283694488{margin-top: 15px !important;}\u00bb]<div  class=\"wpb_content_element   clearfix\"><style type=\"text\/css\">#ut_am_69f20a9015127 { opacity: 1; }#ut_am_wrap_69f20a9015129 .ut-image-gallery-item-caption-title h3 { color: #ffffff; }#ut_am_wrap_69f20a9015129 .ut-image-gallery-item-caption-title-style-2 h3 { color: #ffffff; }#ut_am_wrap_69f20a9015129 .ut-image-gallery-item-caption-title h3 { letter-spacing: 0em; }#ut_am_wrap_69f20a9015129 .ut-gallery-slider-caption { font-weight: bold; }#ut_am_wrap_69f20a9015129 { text-align: center; }@media (min-width: 768px) and (max-width: 1024px) { #ut_am_wrap_69f20a9015129 { text-align: center !important; } }@media (max-width: 767px) { #ut_am_wrap_69f20a9015129 { text-align: center !important; } }<\/style><div id=\"ut_am_wrap_69f20a9015129\" class=\"ut-image-gallery-image ani_zoom\"><div id=\"ut_reveal_69f20a901512a\"  data-appear-top-offset=\"auto\" class=\"ut-animated-image-item ut-image-gallery-item ut-animation-done \"><a target=\"_blank\" href=\"https:\/\/ecovadis.com\/es\/\" rel=\"nofollow\"><div class=\"ut-animated-image-zoom\"><img decoding=\"async\" class=\"ut-lazy skip-lazy ut-animated-image \"  id=\"ut_am_69f20a9015127\" src=\"data:image\/svg+xml;charset=utf-8,%3Csvg xmlns%3D'http%3A%2F%2Fwww.w3.org%2F2000%2Fsvg' viewBox%3D'0 0 118px 600'%2F%3E\" data-src=\"https:\/\/oxiplant.com\/new2\/wp-content\/uploads\/2025\/10\/reco-1.webp\" width=\"118px\" height=\"\" alt=\"\"\/><\/div><\/a><\/div><\/div><\/div>[\/vc_column][\/vc_row][\/vc_section]<\/p>\n<\/div>","protected":false},"excerpt":{"rendered":"<p>[vc_section][vc_row content_placement=\u00bbmiddle\u00bb css=\u00bb.vc_custom_1765486870981{margin-bottom: 0px !important;}\u00bb][vc_column width=\u00bb1\/2&#8243;][vc_column_text]Nuestras 4 m\u00e1quinas de corte por l\u00e1ser no solo cortan longitudes de hasta 16 metros y espesores de hasta 25 mm, sino que tambi\u00e9n realizan el biselado directamente en la m\u00e1quina, asegurando una precisi\u00f3n \u00f3ptima. El corte por plasma de alta definici\u00f3n ofrece biselados precisos en espesores de hasta 60 [&hellip;]<\/p>\n","protected":false},"author":1,"featured_media":0,"parent":0,"menu_order":0,"comment_status":"closed","ping_status":"closed","template":"","meta":{"footnotes":""},"class_list":["post-5732","page","type-page","status-publish","hentry"],"acf":[],"_links":{"self":[{"href":"https:\/\/oxiplant.com\/new2\/wp-json\/wp\/v2\/pages\/5732","targetHints":{"allow":["GET"]}}],"collection":[{"href":"https:\/\/oxiplant.com\/new2\/wp-json\/wp\/v2\/pages"}],"about":[{"href":"https:\/\/oxiplant.com\/new2\/wp-json\/wp\/v2\/types\/page"}],"author":[{"embeddable":true,"href":"https:\/\/oxiplant.com\/new2\/wp-json\/wp\/v2\/users\/1"}],"replies":[{"embeddable":true,"href":"https:\/\/oxiplant.com\/new2\/wp-json\/wp\/v2\/comments?post=5732"}],"version-history":[{"count":35,"href":"https:\/\/oxiplant.com\/new2\/wp-json\/wp\/v2\/pages\/5732\/revisions"}],"predecessor-version":[{"id":6714,"href":"https:\/\/oxiplant.com\/new2\/wp-json\/wp\/v2\/pages\/5732\/revisions\/6714"}],"wp:attachment":[{"href":"https:\/\/oxiplant.com\/new2\/wp-json\/wp\/v2\/media?parent=5732"}],"curies":[{"name":"wp","href":"https:\/\/api.w.org\/{rel}","templated":true}]}}