{"id":6001,"date":"2025-11-12T20:44:44","date_gmt":"2025-11-12T19:44:44","guid":{"rendered":"https:\/\/oxiplant.com\/new2\/?page_id=6001"},"modified":"2025-11-27T22:04:02","modified_gmt":"2025-11-27T21:04:02","slug":"eolico","status":"publish","type":"page","link":"https:\/\/oxiplant.com\/new2\/eolico\/","title":{"rendered":"E\u00f3lico"},"content":{"rendered":"<div class=\"wpb-content-wrapper\"><p>[vc_section][vc_row css=\u00bb.vc_custom_1467568839237{margin-bottom: 80px !important;}\u00bb][vc_column width=\u00bb1\/2&#8243;][vc_column_text]<\/p>\n<p class=\"p1\">En <b>Oxiplant<\/b>, la calidad es un eje estrat\u00e9gico que gu\u00eda cada uno de nuestros procesos.<\/p>\n<p class=\"p1\">Conscientes de la importancia de la estandarizaci\u00f3n y la eficiencia en la cadena de valor, formamos parte de <b>APQP4Wind<\/b>, la organizaci\u00f3n internacional que establece el marco com\u00fan para el aseguramiento de la calidad en la industria e\u00f3lica.<\/p>\n<p class=\"p1\">Ser <b>la primera empresa asturiana acreditada por APQP4Wind<\/b> y <b>una de las diez <\/b><b>primeras en Espa\u00f1a<\/b> representa un reconocimiento al compromiso de Oxiplant con la <b>mejora continua<\/b> y con la <b>adopci\u00f3n de los est\u00e1ndares internacionales m\u00e1s exigentes <\/b><b>del sector<\/b>.<\/p>\n<p class=\"p1\">El modelo <b>APQP4Wind<\/b> impulsa la implantaci\u00f3n de <b>procesos m\u00e1s eficientes, <\/b><b>coordinados y transparentes entre fabricantes y proveedores<\/b>, favoreciendo una comunicaci\u00f3n fluida y una mayor fiabilidad en todas las fases de desarrollo y producci\u00f3n.<\/p>\n<p class=\"p1\">Esta acreditaci\u00f3n refuerza nuestra posici\u00f3n en el mercado e\u00f3lico y evidencia nuestra contribuci\u00f3n activa a <b>elevar los est\u00e1ndares de calidad, competitividad y <\/b><b>sostenibilidad<\/b> dentro del sector, garantizando soluciones que cumplen con los m\u00e1s altos niveles de exigencia t\u00e9cnica e industrial.<\/p>\n<p>[\/vc_column_text][\/vc_column][vc_column width=\u00bb1\/2&#8243; css=\u00bb.vc_custom_1760485443069{padding-left: 50px !important;}\u00bb]<div  class=\"wpb_content_element   clearfix\"><style type=\"text\/css\">#ut_am_69f479cc59dde { opacity: 1; }#ut_am_wrap_69f479cc59de1 img,#ut_am_wrap_69f479cc59de1 .ut-image-gallery-image-caption,#ut_am_wrap_69f479cc59de1 .ut-box-shadow-container,#ut_am_wrap_69f479cc59de1 .ut-box-shadow-container-inner,#ut_am_wrap_69f479cc59de1 .ut-block-revealer-element-container,#ut_am_wrap_69f479cc59de1 .ut-animated-image-zoom { -webkit-border-radius: 9px; -moz-border-radius: 9px; border-radius: 9px; }#ut_am_wrap_69f479cc59de1 .ut-image-gallery-item-caption-title h3 { letter-spacing: 0em; }#ut_am_wrap_69f479cc59de1 .ut-gallery-slider-caption { color: #999999; }#ut_am_wrap_69f479cc59de1 .ut-gallery-slider-caption { font-weight: normal; }#ut_am_wrap_69f479cc59de1 { text-align: right; }@media (min-width: 768px) and (max-width: 1024px) { #ut_am_wrap_69f479cc59de1 { text-align: right !important; } }@media (max-width: 767px) { #ut_am_wrap_69f479cc59de1 { text-align: center !important; } }<\/style><div id=\"ut_am_wrap_69f479cc59de1\" class=\"ut-image-gallery-image \"><div id=\"ut_reveal_69f479cc59de2\"  data-appear-top-offset=\"auto\" class=\"ut-animated-image-item ut-image-gallery-item ut-animation-done \"><a class=\"ut-deactivated-link\" href=\"#\"><div class=\"ut-animated-image-zoom\"><img loading=\"lazy\" decoding=\"async\" class=\"ut-lazy skip-lazy ut-animated-image \"  id=\"ut_am_69f479cc59dde\" src=\"data:image\/svg+xml;charset=utf-8,%3Csvg xmlns%3D'http%3A%2F%2Fwww.w3.org%2F2000%2Fsvg' viewBox%3D'0 0 1492 1418'%2F%3E\" data-src=\"https:\/\/oxiplant.com\/new2\/wp-content\/uploads\/2025\/11\/eolico.jpg\" width=\"1492\" height=\"1418\" alt=\"\"\/><\/div><\/a><\/div><\/div><\/div>[\/vc_column][\/vc_row][vc_row][vc_column css=\u00bb.vc_custom_1764277413992{margin-top: 15px !important;}\u00bb]<div  class=\"wpb_content_element   clearfix\"><style type=\"text\/css\">#ut_am_69f479cc5a451 { opacity: 1; }#ut_am_wrap_69f479cc5a453 .ut-image-gallery-item-caption-title h3 { letter-spacing: 0em; }#ut_am_wrap_69f479cc5a453 .ut-gallery-slider-caption { font-weight: bold; }#ut_am_wrap_69f479cc5a453 { text-align: center; }@media (min-width: 768px) and (max-width: 1024px) { #ut_am_wrap_69f479cc5a453 { text-align: center !important; } }@media (max-width: 767px) { #ut_am_wrap_69f479cc5a453 { text-align: center !important; } }<\/style><div id=\"ut_am_wrap_69f479cc5a453\" class=\"ut-image-gallery-image ani_zoom\"><div id=\"ut_reveal_69f479cc5a454\"  data-appear-top-offset=\"auto\" class=\"ut-animated-image-item ut-image-gallery-item ut-animation-done \"><a class=\"ut-deactivated-link\" href=\"#\"><div class=\"ut-animated-image-zoom\"><img loading=\"lazy\" decoding=\"async\" class=\"ut-lazy skip-lazy ut-animated-image \"  id=\"ut_am_69f479cc5a451\" src=\"data:image\/svg+xml;charset=utf-8,%3Csvg xmlns%3D'http%3A%2F%2Fwww.w3.org%2F2000%2Fsvg' viewBox%3D'0 0 300 190'%2F%3E\" data-src=\"https:\/\/oxiplant.com\/new2\/wp-content\/uploads\/2025\/10\/apqp.jpg\" width=\"300\" height=\"190\" alt=\"\"\/><\/div><\/a><\/div><\/div><\/div>[\/vc_column][\/vc_row][\/vc_section]<\/p>\n<\/div>","protected":false},"excerpt":{"rendered":"<p>[vc_section][vc_row css=\u00bb.vc_custom_1467568839237{margin-bottom: 80px !important;}\u00bb][vc_column width=\u00bb1\/2&#8243;][vc_column_text] En Oxiplant, la calidad es un eje estrat\u00e9gico que gu\u00eda cada uno de nuestros procesos. Conscientes de la importancia de la estandarizaci\u00f3n y la eficiencia en la cadena de valor, formamos parte de APQP4Wind, la organizaci\u00f3n internacional que establece el marco com\u00fan para el aseguramiento de la calidad en la [&hellip;]<\/p>\n","protected":false},"author":1,"featured_media":0,"parent":0,"menu_order":0,"comment_status":"closed","ping_status":"closed","template":"","meta":{"footnotes":""},"class_list":["post-6001","page","type-page","status-publish","hentry"],"acf":[],"_links":{"self":[{"href":"https:\/\/oxiplant.com\/new2\/wp-json\/wp\/v2\/pages\/6001","targetHints":{"allow":["GET"]}}],"collection":[{"href":"https:\/\/oxiplant.com\/new2\/wp-json\/wp\/v2\/pages"}],"about":[{"href":"https:\/\/oxiplant.com\/new2\/wp-json\/wp\/v2\/types\/page"}],"author":[{"embeddable":true,"href":"https:\/\/oxiplant.com\/new2\/wp-json\/wp\/v2\/users\/1"}],"replies":[{"embeddable":true,"href":"https:\/\/oxiplant.com\/new2\/wp-json\/wp\/v2\/comments?post=6001"}],"version-history":[{"count":7,"href":"https:\/\/oxiplant.com\/new2\/wp-json\/wp\/v2\/pages\/6001\/revisions"}],"predecessor-version":[{"id":6404,"href":"https:\/\/oxiplant.com\/new2\/wp-json\/wp\/v2\/pages\/6001\/revisions\/6404"}],"wp:attachment":[{"href":"https:\/\/oxiplant.com\/new2\/wp-json\/wp\/v2\/media?parent=6001"}],"curies":[{"name":"wp","href":"https:\/\/api.w.org\/{rel}","templated":true}]}}