{"id":6022,"date":"2025-11-18T20:26:14","date_gmt":"2025-11-18T19:26:14","guid":{"rendered":"https:\/\/oxiplant.com\/new2\/?page_id=6022"},"modified":"2025-12-11T22:14:51","modified_gmt":"2025-12-11T21:14:51","slug":"pintura","status":"publish","type":"page","link":"https:\/\/oxiplant.com\/new2\/pintura\/","title":{"rendered":"Pintura y tratamientos"},"content":{"rendered":"<div class=\"wpb-content-wrapper\"><p>[vc_section][vc_row content_placement=\u00bbmiddle\u00bb css=\u00bb.vc_custom_1765487663276{margin-bottom: 0px !important;}\u00bb][vc_column width=\u00bb1\/2&#8243;][vc_column_text]En Oxiplant ofrecemos <strong>un servicio integral de pintura industrial y tratamientos superficiales<\/strong> que abarca tanto trabajos en taller como actuaciones en obra. Disponemos de instalaciones donde realizamos chorreo con arena y granalla para <strong>piezas de hasta 20 toneladas y dimensiones de 6.000 x 18.000 mm<\/strong>, garantizando una preparaci\u00f3n adecuada de las superficies. Tambi\u00e9n llevamos a cabo tratamientos de chorreo de arena <em>in situ<\/em>, adapt\u00e1ndonos a piezas de cualquier tama\u00f1o cuando el trabajo debe realizarse directamente en las instalaciones del cliente.<\/p>\n<p>Aplicamos una amplia variedad de sistemas anticorrosivos, desde <strong>pinturas alc\u00eddicas, clorocauchos y epoxis hasta poliuretanos, silicatos o recubrimientos vin\u00edlicos<\/strong>, utilizando el m\u00e9todo m\u00e1s adecuado seg\u00fan las necesidades del proyecto: aplicaci\u00f3n manual, pistola convencional o equipos airless. Tanto en obra como en taller, combinamos t\u00e9cnicas de preparaci\u00f3n y pintura para asegurar recubrimientos duraderos y adaptados a las exigencias de cada estructura met\u00e1lica.[\/vc_column_text][\/vc_column][vc_column width=\u00bb1\/2&#8243;]<div  class=\"wpb_content_element   clearfix\"><style type=\"text\/css\">#ut_am_69f2086864c28 { opacity: 1; }#ut_am_wrap_69f2086864c2a img,#ut_am_wrap_69f2086864c2a .ut-image-gallery-image-caption,#ut_am_wrap_69f2086864c2a .ut-box-shadow-container,#ut_am_wrap_69f2086864c2a .ut-box-shadow-container-inner,#ut_am_wrap_69f2086864c2a .ut-block-revealer-element-container,#ut_am_wrap_69f2086864c2a .ut-animated-image-zoom { -webkit-border-radius: 9px; -moz-border-radius: 9px; border-radius: 9px; }#ut_am_wrap_69f2086864c2a .ut-image-gallery-item-caption-title h3 { letter-spacing: 0em; }#ut_am_wrap_69f2086864c2a .ut-gallery-slider-caption { color: #999999; }#ut_am_wrap_69f2086864c2a .ut-gallery-slider-caption { font-weight: normal; }#ut_am_wrap_69f2086864c2a { text-align: right; }@media (min-width: 768px) and (max-width: 1024px) { #ut_am_wrap_69f2086864c2a { text-align: right !important; } }@media (max-width: 767px) { #ut_am_wrap_69f2086864c2a { text-align: center !important; } }<\/style><div id=\"ut_am_wrap_69f2086864c2a\" class=\"ut-image-gallery-image \"><div id=\"ut_reveal_69f2086864c2c\"  data-appear-top-offset=\"auto\" class=\"ut-animated-image-item ut-image-gallery-item ut-animation-done \"><a class=\"ut-deactivated-link\" href=\"#\"><div class=\"ut-animated-image-zoom\"><img loading=\"lazy\" decoding=\"async\" class=\"ut-lazy skip-lazy ut-animated-image \"  id=\"ut_am_69f2086864c28\" src=\"data:image\/svg+xml;charset=utf-8,%3Csvg xmlns%3D'http%3A%2F%2Fwww.w3.org%2F2000%2Fsvg' viewBox%3D'0 0 1492 1191'%2F%3E\" data-src=\"https:\/\/oxiplant.com\/new2\/wp-content\/uploads\/2025\/11\/pintura-1-2.jpg\" width=\"1492\" height=\"1191\" alt=\"\"\/><\/div><\/a><\/div><\/div><\/div>[\/vc_column][\/vc_row][\/vc_section][vc_section][vc_row][vc_column width=\u00bb1\/6&#8243; css=\u00bb.vc_custom_1764283621195{margin-top: 15px !important;}\u00bb]<div  class=\"wpb_content_element   clearfix\"><style type=\"text\/css\">#ut_am_69f20868652f5 { opacity: 1; }#ut_am_wrap_69f20868652f7 .ut-image-gallery-item-caption-title h3 { color: #ffffff; }#ut_am_wrap_69f20868652f7 .ut-image-gallery-item-caption-title-style-2 h3 { color: #ffffff; }#ut_am_wrap_69f20868652f7 .ut-image-gallery-item-caption-title h3 { letter-spacing: 0em; }#ut_am_wrap_69f20868652f7 .ut-gallery-slider-caption { font-weight: bold; }#ut_am_wrap_69f20868652f7 { text-align: center; }@media (min-width: 768px) and (max-width: 1024px) { #ut_am_wrap_69f20868652f7 { text-align: center !important; } }@media (max-width: 767px) { #ut_am_wrap_69f20868652f7 { text-align: center !important; } }<\/style><div id=\"ut_am_wrap_69f20868652f7\" class=\"ut-image-gallery-image ani_zoom\"><div id=\"ut_reveal_69f20868652f8\"  data-appear-top-offset=\"auto\" class=\"ut-animated-image-item ut-image-gallery-item ut-animation-done \"><a target=\"_blank\" href=\"https:\/\/oxiplant.com\/new2\/wp-content\/uploads\/2025\/11\/OXIP_0094-CPR-MAD-20160126-SPA_Iss04-9Jun25-FPC-cer-EN1090.pdf\" rel=\"nofollow\"><div class=\"ut-animated-image-zoom\"><img loading=\"lazy\" decoding=\"async\" class=\"ut-lazy skip-lazy ut-animated-image \"  id=\"ut_am_69f20868652f5\" src=\"data:image\/svg+xml;charset=utf-8,%3Csvg xmlns%3D'http%3A%2F%2Fwww.w3.org%2F2000%2Fsvg' viewBox%3D'0 0 300 190'%2F%3E\" data-src=\"https:\/\/oxiplant.com\/new2\/wp-content\/uploads\/2025\/11\/iso-1090-2.jpg\" width=\"300\" height=\"190\" alt=\"\"\/><\/div><\/a><\/div><\/div><\/div>[\/vc_column][vc_column width=\u00bb1\/6&#8243; css=\u00bb.vc_custom_1764283634822{margin-top: 15px !important;}\u00bb]<div  class=\"wpb_content_element   clearfix\"><style type=\"text\/css\">#ut_am_69f2086865a96 { opacity: 1; }#ut_am_wrap_69f2086865a98 .ut-image-gallery-item-caption-title h3 { color: #ffffff; }#ut_am_wrap_69f2086865a98 .ut-image-gallery-item-caption-title-style-2 h3 { color: #ffffff; }#ut_am_wrap_69f2086865a98 .ut-image-gallery-item-caption-title h3 { letter-spacing: 0em; }#ut_am_wrap_69f2086865a98 .ut-gallery-slider-caption { font-weight: bold; }#ut_am_wrap_69f2086865a98 { text-align: center; }@media (min-width: 768px) and (max-width: 1024px) { #ut_am_wrap_69f2086865a98 { text-align: center !important; } }@media (max-width: 767px) { #ut_am_wrap_69f2086865a98 { text-align: center !important; } }<\/style><div id=\"ut_am_wrap_69f2086865a98\" class=\"ut-image-gallery-image ani_zoom\"><div id=\"ut_reveal_69f2086865a99\"  data-appear-top-offset=\"auto\" class=\"ut-animated-image-item ut-image-gallery-item ut-animation-done \"><a target=\"_blank\" href=\"https:\/\/oxiplant.com\/new2\/wp-content\/uploads\/2025\/11\/0038343-QMS-SPAES-UKAS.pdf\" rel=\"nofollow\"><div class=\"ut-animated-image-zoom\"><img loading=\"lazy\" decoding=\"async\" class=\"ut-lazy skip-lazy ut-animated-image \"  id=\"ut_am_69f2086865a96\" src=\"data:image\/svg+xml;charset=utf-8,%3Csvg xmlns%3D'http%3A%2F%2Fwww.w3.org%2F2000%2Fsvg' viewBox%3D'0 0 300 190'%2F%3E\" data-src=\"https:\/\/oxiplant.com\/new2\/wp-content\/uploads\/2025\/10\/calidad-2.webp\" width=\"300\" height=\"190\" alt=\"\"\/><\/div><\/a><\/div><\/div><\/div>[\/vc_column][vc_column width=\u00bb1\/6&#8243; css=\u00bb.vc_custom_1764283649688{margin-top: 15px !important;}\u00bb]<div  class=\"wpb_content_element   clearfix\"><style type=\"text\/css\">#ut_am_69f20868660ce { opacity: 1; }#ut_am_wrap_69f20868660cf .ut-image-gallery-item-caption-title h3 { color: #ffffff; }#ut_am_wrap_69f20868660cf .ut-image-gallery-item-caption-title-style-2 h3 { color: #ffffff; }#ut_am_wrap_69f20868660cf .ut-image-gallery-item-caption-title h3 { letter-spacing: 0em; }#ut_am_wrap_69f20868660cf .ut-gallery-slider-caption { font-weight: bold; }#ut_am_wrap_69f20868660cf { text-align: center; }@media (min-width: 768px) and (max-width: 1024px) { #ut_am_wrap_69f20868660cf { text-align: center !important; } }@media (max-width: 767px) { #ut_am_wrap_69f20868660cf { text-align: center !important; } }<\/style><div id=\"ut_am_wrap_69f20868660cf\" class=\"ut-image-gallery-image ani_zoom\"><div id=\"ut_reveal_69f20868660d0\"  data-appear-top-offset=\"auto\" class=\"ut-animated-image-item ut-image-gallery-item ut-animation-done \"><a target=\"_blank\" href=\"https:\/\/oxiplant.com\/new2\/wp-content\/uploads\/2025\/11\/00016995-EMS-SPAES-UKAS.pdf\" rel=\"nofollow\"><div class=\"ut-animated-image-zoom\"><img loading=\"lazy\" decoding=\"async\" class=\"ut-lazy skip-lazy ut-animated-image \"  id=\"ut_am_69f20868660ce\" src=\"data:image\/svg+xml;charset=utf-8,%3Csvg xmlns%3D'http%3A%2F%2Fwww.w3.org%2F2000%2Fsvg' viewBox%3D'0 0 300 193'%2F%3E\" data-src=\"https:\/\/oxiplant.com\/new2\/wp-content\/uploads\/2025\/10\/medioambiente.webp\" width=\"300\" height=\"193\" alt=\"\"\/><\/div><\/a><\/div><\/div><\/div>[\/vc_column][vc_column width=\u00bb1\/6&#8243; css=\u00bb.vc_custom_1764283665569{margin-top: 15px !important;}\u00bb]<div  class=\"wpb_content_element   clearfix\"><style type=\"text\/css\">#ut_am_69f2086866887 { opacity: 1; }#ut_am_wrap_69f2086866889 .ut-image-gallery-item-caption-title h3 { color: #ffffff; }#ut_am_wrap_69f2086866889 .ut-image-gallery-item-caption-title-style-2 h3 { color: #ffffff; }#ut_am_wrap_69f2086866889 .ut-image-gallery-item-caption-title h3 { letter-spacing: 0em; }#ut_am_wrap_69f2086866889 .ut-gallery-slider-caption { font-weight: bold; }#ut_am_wrap_69f2086866889 { text-align: center; }@media (min-width: 768px) and (max-width: 1024px) { #ut_am_wrap_69f2086866889 { text-align: center !important; } }@media (max-width: 767px) { #ut_am_wrap_69f2086866889 { text-align: center !important; } }<\/style><div id=\"ut_am_wrap_69f2086866889\" class=\"ut-image-gallery-image ani_zoom\"><div id=\"ut_reveal_69f208686688a\"  data-appear-top-offset=\"auto\" class=\"ut-animated-image-item ut-image-gallery-item ut-animation-done \"><a target=\"_blank\" href=\"https:\/\/oxiplant.com\/new2\/wp-content\/uploads\/2025\/11\/OXIP_Cert-3834-R2-1Sep25-SPA.pdf\" rel=\"nofollow\"><div class=\"ut-animated-image-zoom\"><img loading=\"lazy\" decoding=\"async\" class=\"ut-lazy skip-lazy ut-animated-image \"  id=\"ut_am_69f2086866887\" src=\"data:image\/svg+xml;charset=utf-8,%3Csvg xmlns%3D'http%3A%2F%2Fwww.w3.org%2F2000%2Fsvg' viewBox%3D'0 0 300 190'%2F%3E\" data-src=\"https:\/\/oxiplant.com\/new2\/wp-content\/uploads\/2025\/11\/iso-3834.jpg\" width=\"300\" height=\"190\" alt=\"\"\/><\/div><\/a><\/div><\/div><\/div>[\/vc_column][vc_column width=\u00bb1\/6&#8243; css=\u00bb.vc_custom_1764283681323{margin-top: 15px !important;}\u00bb]<div  class=\"wpb_content_element   clearfix\"><style type=\"text\/css\">#ut_am_69f20868670a5 { opacity: 1; }#ut_am_wrap_69f20868670a7 .ut-image-gallery-item-caption-title h3 { color: #ffffff; }#ut_am_wrap_69f20868670a7 .ut-image-gallery-item-caption-title-style-2 h3 { color: #ffffff; }#ut_am_wrap_69f20868670a7 .ut-image-gallery-item-caption-title h3 { letter-spacing: 0em; }#ut_am_wrap_69f20868670a7 .ut-gallery-slider-caption { font-weight: bold; }#ut_am_wrap_69f20868670a7 { text-align: center; }@media (min-width: 768px) and (max-width: 1024px) { #ut_am_wrap_69f20868670a7 { text-align: center !important; } }@media (max-width: 767px) { #ut_am_wrap_69f20868670a7 { text-align: center !important; } }<\/style><div id=\"ut_am_wrap_69f20868670a7\" class=\"ut-image-gallery-image ani_zoom\"><div id=\"ut_reveal_69f20868670a8\"  data-appear-top-offset=\"auto\" class=\"ut-animated-image-item ut-image-gallery-item ut-animation-done \"><a target=\"_blank\" href=\"https:\/\/www.bureauveritas.dk\/en\/our-market\/apqp4wind?utm_source=google&#038;utm_medium=cpc&#038;gad_source=1&#038;gad_campaignid=1676330063&#038;gbraid=0AAAAAD28T32t2hKEXcw7JcM30Vaxr40iY&#038;gclid=CjwKCAiA55rJBhByEiwAFkY1QG0iBDQRekciHH0dIgsblVqHdnIgnglPMpL_zGsBaOnpgxHvH1W7aBoCFQQQAvD_BwE\" rel=\"nofollow\"><div class=\"ut-animated-image-zoom\"><img loading=\"lazy\" decoding=\"async\" class=\"ut-lazy skip-lazy ut-animated-image \"  id=\"ut_am_69f20868670a5\" src=\"data:image\/svg+xml;charset=utf-8,%3Csvg xmlns%3D'http%3A%2F%2Fwww.w3.org%2F2000%2Fsvg' viewBox%3D'0 0 300 190'%2F%3E\" data-src=\"https:\/\/oxiplant.com\/new2\/wp-content\/uploads\/2025\/10\/apqp.jpg\" width=\"300\" height=\"190\" alt=\"\"\/><\/div><\/a><\/div><\/div><\/div>[\/vc_column][vc_column width=\u00bb1\/6&#8243; css=\u00bb.vc_custom_1764283694488{margin-top: 15px !important;}\u00bb]<div  class=\"wpb_content_element   clearfix\"><style type=\"text\/css\">#ut_am_69f20868680fc { opacity: 1; }#ut_am_wrap_69f20868680fe .ut-image-gallery-item-caption-title h3 { color: #ffffff; }#ut_am_wrap_69f20868680fe .ut-image-gallery-item-caption-title-style-2 h3 { color: #ffffff; }#ut_am_wrap_69f20868680fe .ut-image-gallery-item-caption-title h3 { letter-spacing: 0em; }#ut_am_wrap_69f20868680fe .ut-gallery-slider-caption { font-weight: bold; }#ut_am_wrap_69f20868680fe { text-align: center; }@media (min-width: 768px) and (max-width: 1024px) { #ut_am_wrap_69f20868680fe { text-align: center !important; } }@media (max-width: 767px) { #ut_am_wrap_69f20868680fe { text-align: center !important; } }<\/style><div id=\"ut_am_wrap_69f20868680fe\" class=\"ut-image-gallery-image ani_zoom\"><div id=\"ut_reveal_69f20868680ff\"  data-appear-top-offset=\"auto\" class=\"ut-animated-image-item ut-image-gallery-item ut-animation-done \"><a target=\"_blank\" href=\"https:\/\/ecovadis.com\/es\/\" rel=\"nofollow\"><div class=\"ut-animated-image-zoom\"><img decoding=\"async\" class=\"ut-lazy skip-lazy ut-animated-image \"  id=\"ut_am_69f20868680fc\" src=\"data:image\/svg+xml;charset=utf-8,%3Csvg xmlns%3D'http%3A%2F%2Fwww.w3.org%2F2000%2Fsvg' viewBox%3D'0 0 118px 600'%2F%3E\" data-src=\"https:\/\/oxiplant.com\/new2\/wp-content\/uploads\/2025\/10\/reco-1.webp\" width=\"118px\" height=\"\" alt=\"\"\/><\/div><\/a><\/div><\/div><\/div>[\/vc_column][\/vc_row][\/vc_section]<\/p>\n<\/div>","protected":false},"excerpt":{"rendered":"<p>[vc_section][vc_row content_placement=\u00bbmiddle\u00bb css=\u00bb.vc_custom_1765487663276{margin-bottom: 0px !important;}\u00bb][vc_column width=\u00bb1\/2&#8243;][vc_column_text]En Oxiplant ofrecemos un servicio integral de pintura industrial y tratamientos superficiales que abarca tanto trabajos en taller como actuaciones en obra. Disponemos de instalaciones donde realizamos chorreo con arena y granalla para piezas de hasta 20 toneladas y dimensiones de 6.000 x 18.000 mm, garantizando una preparaci\u00f3n adecuada de [&hellip;]<\/p>\n","protected":false},"author":1,"featured_media":0,"parent":0,"menu_order":0,"comment_status":"closed","ping_status":"closed","template":"","meta":{"footnotes":""},"class_list":["post-6022","page","type-page","status-publish","hentry"],"acf":[],"_links":{"self":[{"href":"https:\/\/oxiplant.com\/new2\/wp-json\/wp\/v2\/pages\/6022","targetHints":{"allow":["GET"]}}],"collection":[{"href":"https:\/\/oxiplant.com\/new2\/wp-json\/wp\/v2\/pages"}],"about":[{"href":"https:\/\/oxiplant.com\/new2\/wp-json\/wp\/v2\/types\/page"}],"author":[{"embeddable":true,"href":"https:\/\/oxiplant.com\/new2\/wp-json\/wp\/v2\/users\/1"}],"replies":[{"embeddable":true,"href":"https:\/\/oxiplant.com\/new2\/wp-json\/wp\/v2\/comments?post=6022"}],"version-history":[{"count":12,"href":"https:\/\/oxiplant.com\/new2\/wp-json\/wp\/v2\/pages\/6022\/revisions"}],"predecessor-version":[{"id":6705,"href":"https:\/\/oxiplant.com\/new2\/wp-json\/wp\/v2\/pages\/6022\/revisions\/6705"}],"wp:attachment":[{"href":"https:\/\/oxiplant.com\/new2\/wp-json\/wp\/v2\/media?parent=6022"}],"curies":[{"name":"wp","href":"https:\/\/api.w.org\/{rel}","templated":true}]}}